se 6.
11410
What is 31236 (base 7) in base 12?
4533
Convert 1522 (base 8) to base 14.
44a
Convert -141051 (base 6) to base 16.
-3397
10011001000 (base 2) to base 6
5400
What is -1573 (base 10) in base 2?
-11000100101
-325 (base 9) to base 3
-100212
What is -11111000100 (base 2) in base 8?
-3704
What is 3156 (base 11) in base 9?
5648
Convert -305201 (base 6) to base 15.
-73c1
What is -320403 (base 6) in base 12?
-13103
Convert -110000 (base 3) to base 10.
-324
Convert -3bc (base 16) to base 10.
-956
What is -743b (base 12) in base 7?
-52040
What is -222334 (base 5) in base 12?
-4658
-3640 (base 8) to base 3
-2200022
What is 13722 (base 8) in base 16?
17d2
Convert 61a (base 12) to base 8.
1566
What is -366 (base 11) in base 10?
-435
Convert 21002012 (base 3) to base 7.
21023
What is 106142 (base 8) in base 11?
25001
-2a57 (base 16) to base 14
-3d43
Convert -152 (base 11) to base 16.
-b2
Convert -31011 (base 4) to base 8.
-1505
What is -31d5 (base 14) in base 11?
-6522
Convert -101340 (base 8) to base 13.
-12333
What is 28a7 (base 15) in base 3?
102221111
What is 223420 (base 5) in base 9?
11852
Convert -501a (base 12) to base 9.
-12784
What is -1110110011 (base 2) in base 4?
-32303
5144 (base 6) to base 14
5ba
-20260 (base 7) to base 13
-2332
-1110001101001 (base 2) to base 14
-2917
-448 (base 12) to base 13
-398
What is -435 (base 12) in base 3?
-211212
-14b3 (base 15) to base 16
-115b
Convert -12101212 (base 3) to base 8.
-7542
1112200 (base 3) to base 4
101211
Convert -2036a (base 11) to base 9.
-44683
Convert 570 (base 13) to base 14.
4ac
-2135 (base 7) to base 3
-1001012
What is 1011000000 (base 2) in base 4?
23000
Convert 110010111 (base 2) to base 7.
1121
Convert 5101 (base 10) to base 13.
2425
What is -11110 (base 3) in base 11?
-aa
Convert -416 (base 10) to base 4.
-12200
What is -10120001010 (base 3) in base 11?
-4866a
What is 13 (base 5) in base 11?
8
Convert 222 (base 3) to base 4.
122
-2031 (base 7) to base 6
-3140
Convert 10506 (base 7) to base 8.
5134
Convert -303 (base 8) to base 3.
-21020
2286 (base 9) to base 6
11510
Convert 100111011 (base 2) to base 3.
102200
What is -102212 (base 3) in base 8?
-500
What is 645 (base 10) in base 14?
341
Convert -2b98 (base 16) to base 2.
-10101110011000
Convert b952 (base 12) to base 14.
75ca
What is 102001201 (base 3) in base 4?
1332001
310302 (base 5) to base 15
2ebc
22010 (base 6) to base 5
44110
-18 (base 12) to base 8
-24
Convert 110 (base 10) to base 14.
7c
22301 (base 6) to base 3
11022001
Convert 100101 (base 4) to base 11.
867
1194 (base 13) to base 4
212313
What is 1101011 (base 2) in base 7?
212
What is -21440 (base 6) in base 15?
-d36
What is -1011002 (base 4) in base 13?
-201b
4000 (base 6) to base 4
31200
1413322 (base 5) to base 7
151111
Convert 2155 (base 6) to base 14.
27d
What is -27457 (base 8) in base 16?
-2f2f
What is -e2c (base 15) in base 12?
-1a20
Convert 3775 (base 9) to base 14.
1058
What is -30112 (base 5) in base 11?
-1484
What is -3c9b (base 16) in base 12?
-8b8b
What is 12021221 (base 3) in base 14?
1599
What is 212110 (base 3) in base 2?
1001111001
What is 1b3 (base 13) in base 14?
187
-19b (base 13) to base 14
-173
13ad (base 14) to base 3
11210002
Convert -261 (base 14) to base 4.
-13131
Convert -9470 (base 10) to base 14.
-3646
Convert 2d5b (base 15) to base 13.
459b
Convert 14244 (base 6) to base 3.
10002201
What is -9b9 (base 14) in base 16?
-787
What is 278 (base 16) in base 11?
525
Convert -110110101 (base 2) to base 4.
-12311
What is 1031322 (base 4) in base 14?
1b62
Convert 22121120 (base 3) to base 10.
6279
What is 35303 (base 6) in base 13?
2409
What is -1a1 (base 14) in base 5?
-2322
44b (base 15) to base 9
1288
What is -5448 (base 16) in base 8?
-52110
Convert 425 (base 15) to base 2.
1110100111
121021100 (base 3) to base 2
10111001010110
-a651 (base 13) to base 5
-1214200
Convert -500133 (base 6) to base 3.
-1222102010
Convert 9b54 (base 12) to base 4.
10030300
Convert -112202 (base 3) to base 7.
-1106
What is -16762 (base 10) in base 4?
-10011322
Convert -110230 (base 4) to base 10.
-1324
110121012 (base 3) to base 12
5395
-537 (base 10) to base 2
-1000011001
What is -103126 (base 7) in base 14?
-674d
Convert 19c (base 14) to base 5.
2314
What is -20233 (base 4) in base 9?
-681
Convert -1231 (base 4) to base 11.
-9a
-10110011 (base 2) to base 9
-218
133 (base 6) to base 15
3c
What is 14 (base 7) in base 6?
15
What is -33101 (base 6) in base 7?
-16222
What is -11670 (base 14) in base 9?
-64178
-130 (base 13) to base 14
-10c
43472 (base 11) to base 10
63120
1033312 (base 5) to base 4
10120211
Convert -223 (base 7) to base 10.
-115
Convert -33022322 (base 4) to base 14.
-18906
What is 893 (base 15) in base 13?
b61
What is -1023130 (base 4) in base 8?
-11334
Convert 1011001101 (base 2) to base 8.
1315
Convert c26c (base 15) to base 6.
514020
24031 (base 5) to base 10
1766
Convert -8a7d (base 14) to base 4.
-11313113
Convert 2332 (base 7) to base 5.
11411
What is 1131 (base 8) in base 11?
4a7
What is -1415 (base 7) in base 15?
-26b
Convert -10200021121 (base 3) to base 12.
-35a74
Convert 17d (base 16) to base 3.
112010
What is 1547 (base 10) in base 2?
11000001011
Convert -120543 (base 6) to base 10.
-10575
595 (base 14) to base 12
787
Convert 2464a (base 12) to base 2.
1100000010011010
Convert 660 (base 10) to base 11.
550
What is 3504 (base 13) in base 4?
1310100
What is 291 (base 12) in base 6?
1501
41c0 (base 16) to base 13
787a
Convert -1a39 (base 14) to base 13.
-221a
45703 (base 8) to base 5
1110040
Convert -3543 (base 8) to base 10.
-1891
Convert -2657 (base 9) to base 16.
-7cc
435 (base 15) to base 4
32312
What is 1069 (base 10) in base 2?
10000101101
101110101110 (base 2) to base 5
43430
What is -93a9 (base 12) in base 9?
-24083
What is 1362 (base 11) in base 8?
3342
What is -51a (base 12) in base 15?
-347
What is -4321 (base 9) in base 16?
-c6a
What is 5526 (base 7) in base 3?
2201100
-36266 (base 11) to base 3
-2122122012
9067 (base 15) to base 9
45717
-80a (base 12) to base 14
-5d0
Convert 22011 (base 6) to base 4.
233113
Convert 20113 (base 4) to base 10.
535
Convert -3412 (base 7) to base 13.
-73c
210133 (base 4) to base 14
bcb
Convert -5014 (base 6) to base 12.
-76a
6141 (base 8) to base 9
4311
Convert 1027 (base 8) to base 16.
217
Convert -63446 (base 8) to base 2.
-110011100100110
Convert -222 (base 14) to base 4.
-12212
What is 381 (base 15) in base 13?
493
-10002202 (base 3) to base 13
-104c
What is -2ba (base 16) in base 3?
-221212
101000011111 (base 2) to base 8
5037
Convert 113d (base 14) to base 9.
4087
3360 (base 12) to base 4
1120320
-2300211 (base 4) to base 2
-10110000100101
What is b6b8 (base 13) in base 2?
110001011110100
Convert -149b (base 12) to base 4.
-211313
30635 (base 12) to base 14
19001
Convert 442 (base 11) to base 9.
648
Convert 3541 (base 7) to base 14.
691
-2f1 (base 16) to base 5
-11003
What is -13233002 (base 4) in base 11?
-21892
-10010100 (base 3) to base 8
-4345
What is 1315 (base 6) in base 16?
14f
What is 33370 (base 10) in base 12?
1738a
2544 (base 6) to base 7
1603
-918b (base 14) to base 16
-61b7
Convert -11110101 (base 2) to base 10.
-245
What is 11020102 (base 4) in base 14?
792a
6041 (base 7) to base 6
13355
-f9b (base 16) to base 6
-30255
Convert -1243 (base 10) to base 3.
-1201001
Convert -1730 (base 8) to base 13.
-5a9
1287 (base 11) to base 4
122010
What is -10513 (base 6) in base 11?
-1130
Convert -c15 (base 15) to base 7.
-10634
Convert 18b (base 14) to base 9.
384
What is 124c1 (base 13) in base 15?
a028
Convert 560 (base 7) to base 13.
191
Convert 1a18 (base 13) to base 4.
331010
What is 1131332 (base 6) in base 10?
58664
-143 (base 5) to base 7
-66
Convert 130232 (base 6) to base 3.
121010102
-3b66 (base 13) to base 16
-2156
241013 (base 5) to base 15
2973
-2 (base 11) to base 14
-2
-2d91 (base 16) to base 5
-333130
Convert 1101000 (base 3) to base 8.
1747
What is -34005 (base 7) in base 8?
-20604
Convert -552 (base 10) to base 12.
-3a0
878 (base 12) to base 3
1201002
-c3c0 (base 14) to base 13
-12441
-1253 (base 6) to base 15
-166
What is -21213 (base 6) in base 14?
-10a5
Convert -1b (base 13) to base 11.
-22
What is 20313 (base 4) in base 12?
3b3
Convert 428 (base 16) to base 7.
3